- 158. Calculate r(y).
5
Let m(b) = 14*b**2 + b - 11. Let t(y) = 5*y**2 - 4. Let g(d) = 4*m(d) - 11*t(d). Suppose 2*l + 30 = -2*r - 3*r, -2*l + 5*r = -10. What is g(l)?
5
Suppose -5*o - 32 = 3*q, 0 = -0*q + q - 4*o + 5. Let h = -8 - -3. Let r = h - q. Let t(w) = w**2 - 3*w + 5. What is t(r)?
9
Let z(g) = 0*g - 2*g + 16*g. Give z(-1).
-14
Let n(k) = -10*k**2 + 2*k - 4. Let j(r) = 21*r**2 - 4*r + 7. Let g(x) = 3*j(x) + 7*n(x). Let s(d) = -6*d**2 + 2*d - 6. Let u(q) = 5*g(q) - 6*s(q). What is u(1)?
0
Let s(k) = k**2 + 3*k - 4. Let m be s(-4). Let j(w) = 4*w. Let i(p) = -5*p. Let t(z) = -5*i(z) - 6*j(z). Calculate t(m).
0
Let x(k) be the first derivative of -7*k**4/24 + k**3/6 - k**2 + 3. Let l(i) be the second derivative of x(i). What is l(2)?
-13
Let w be (-36)/(-10) + 2/5. Let q(l) = -l + 4 - 4*l**3 + 4*l**2 + 1 + 3*l**3 + 0. Calculate q(w).
1
Let o = 35 - 32. Let t(b) be the third derivative of 0 + 1/3*b**o + 0*b + 1/60*b**5 + b**2 - 5/24*b**4. Give t(5).
2
Let a(x) = 2. Let h(b) be the second derivative of -b**3/6 + b**2/2 + 8*b. Let c(q) = 2*a(q) - 2*h(q). Give c(-2).
-2
Suppose -5*f + 13 - 3 = 0. Let m(r) = 4 + 2*r**2 - r**2 - r**3 - 5*r**f. Give m(-3).
-5
Let s(h) = h**3 - 3*h**2 - 2. Let r(w) = w. Let p be r(2). Suppose 11 = -2*j + p*k + 3*k, 3*k = -3*j + 15. What is s(j)?
-6
Let c(k) = k**2 - 2. Let b = -19 + 17. Let u = b - 0. Give c(u).
2
Let v(n) = -5*n + 3. Suppose -5 = 3*d + 7. Suppose 5*l - 12 = -5*f + 3*f, 0 = -2*f + l + 12. Let a = d + f. Determine v(a).
-7
Let o(j) = j**2 - 2*j - 2. Let d = 29 + -31. Give o(d).
6
Suppose -5*n + 36 = -24. Let v = n - 9. Let m(k) = -k**3 + 4*k**2 - 3*k + 1. Give m(v).
1
Suppose -2*v - 20 = -3*v. Suppose 9*g + v = 4*g. Let s(l) = l. Determine s(g).
-4
Let z(c) be the third derivative of c**7/2520 + c**5/15 - 3*c**2. Let n(b) be the third derivative of z(b). Give n(-3).
-6
Let b(h) = -h**3 - 6*h**2 + 7*h. Let p be b(-7). Let i(n) = n + 12. Calculate i(p).
12
Let s(g) = -3*g - 17. Let q(t) = -2*t - 11. Let k(i) = 8*q(i) - 5*s(i). Let p = -7 - -4. Give k(p).
0
Let t(h) = -h + 4. Let w(c) = c + 3. Let p be w(-7). What is t(p)?
8
Let j(b) = b**2 + 6*b + 3. Let r(y) = -y**2 - 7*y - 5. Let w(i) = -i - 13. Let k be w(-6). Let a be r(k). Calculate j(a).
-2
Suppose 4*d - 12 = 3*d. Suppose 0 = j + 2*j - d. Let t(a) = a - 3. Give t(j).
1
Let k(b) be the first derivative of 5/3*b**3 - 1 - 4*b - 1/4*b**4 - 3/2*b**2. What is k(3)?
5
Let l(n) = 12*n - 14*n + 3 - n**2 - 2 - 2. What is l(-2)?
-1
Let l(u) = -2*u - 3*u**2 + 0*u + 1 + u**2 - u**2. What is l(2)?
-15
Let b(p) = 1. Let u(y) = -3*y**2 - 2. Let x(i) = -b(i) - u(i). What is x(-1)?
4
Let t = -2 - -4. Let j(d) = -5*d**t + d**3 + 3*d**2 + 1 + 4 - 3*d - 2. Determine j(3).
3
Suppose 0 = -4*s - 4*w + 32, -4*w = -2*w + 2. Let o(t) = s*t**3 - 2 - 3*t**2 + 5*t**2 - t - 7*t**3. Let u = 2 + -4. Determine o(u).
-8
Let f(y) = -y**2 + 3*y + 6. Let z = -8 + 14. Give f(z).
-12
Let j(a) = -a**3 + 2*a - 1. Let n be ((-48)/(-36))/(4/(-6)). What is j(n)?
3
Let y(l) = -l - 21. Let o(i) = -i - 20. Let w(h) = -2*o(h) + 3*y(h). Determine w(0).
-23
Suppose -2*l - 4*q = 0, 3*l + 0*q = 2*q + 16. Let i be (-18)/4 - l/(-8). Let f(c) = -c**2 - 5*c - 3. Calculate f(i).
1
Let v(d) = d**2 - d + 24. Suppose -4*j + 6 = -3*k, 2*j - 2*k - 2 - 2 = 0. Calculate v(j).
24
Let f(t) = 1. Let l(r) = 3*r + 9. Let z(u) = -5*f(u) + l(u). Let k(m) = m - 3. Let h be k(0). Give z(h).
-5
Let s(y) = 5*y**3 - 2*y**2 + 3*y + 5. Let f(t) = t**3 + t**2. Let j(u) = 4*f(u) - s(u). What is j(5)?
5
Let p(j) be the third derivative of 0*j**4 - j**3 + j**2 + 0*j + 0 + 1/120*j**6 - 1/60*j**5. What is p(0)?
-6
Let f = 0 - -2. Let j(a) = 0 + 4*a**f - 5*a**2 - 2 - 4 + 4*a. Calculate j(4).
-6
Let f(i) = -9*i**3. Suppose t = -5*r + 8, 2*r = r - 2*t - 2. Let s = r - 1. Let h be s + 0 + 0/4. Calculate f(h).
-9
Suppose a + 2*a = 81. Suppose -21 - a = -3*c. Suppose -3*t - w + 0*w - c = 0, -2*w + 23 = -5*t. Let d(u) = -u**3 - 4*u**2 + 7*u + 7. Calculate d(t).
-3
Let r(w) = 2*w - 9. Let u(s) = -36*s + 78. Let z(m) = -5*m + 11. Let v(j) = -2*u(j) + 15*z(j). Let c(n) = 4*r(n) + 3*v(n). What is c(0)?
-9
Let a be 1/3 - (-4)/(-3). Let c(w) be the first derivative of 2*w**2 + w - 15. Give c(a).
-3
Let k(r) = -r**3 - 4*r**2 - 2*r - 6. Let u be k(-4). Let p(n) = 1 + 2*n - 2*n**u + n**2 - 2*n**2 + 4*n**2. Give p(-1).
0
Suppose -1 - 3 = 4*y, y + 22 = 3*r. Let a(d) = -8*d - 2. Let j(n) = -4*n - 1. Let b(l) = r*j(l) - 4*a(l). Determine b(-1).
-3
Let f(r) = -r - 20. Let x be f(-13). Let m(a) = -a**3 - 8*a**2 - 7*a + 2. Determine m(x).
2
Let c(a) = -134*a + 267*a + 1 - 134*a. What is c(-2)?
3
Let o(l) = 5*l**2 + 6*l + 16. Let k(h) be the third derivative of h**5/60 + h**4/24 + h**3/2 + 4*h**2. Let d(c) = 11*k(c) - 2*o(c). Determine d(2).
3
Let p(h) = -h**3 + 3*h**2 - 3*h - 3. Let i = -13 - -16. Give p(i).
-12
Let w be 53/(-5) + (-2)/5. Let c(q) = -q**3 - 12*q**2 - 12*q - 7. What is c(w)?
4
Let g be (4 + -7)*2/(-2). Let i(y) = y**3 - 4*y**2 + 4*y + 1. Determine i(g).
4
Let p(y) = -y**2 - 5*y - 3. Let l be p(-3). Let n(g) = g - 2. What is n(l)?
1
Let w(h) = -h**3 - 6*h**2 - 6*h - 3. Let j(v) = v**3 - 7*v**2 + 7*v - 4. Let s be j(6). Suppose s = -t - 3. Give w(t).
2
Let p(l) = -6*l**3 + 4*l**2 + 6*l + 16. Let u(d) = d**3 - d**2 - d - 3. Let t(v) = -2*p(v) - 11*u(v). What is t(-3)?
4
Suppose -4*h = -5*d + 2*d - 12, 16 = 3*h - 4*d. Let p(u) = -2*u + 1 + h*u + 5*u. Suppose 4*o = -b + 6*b + 8, 15 = -5*o. Determine p(b).
-11
Let p = 4 - 2. Let h(w) = w**3 - 3*w**2 - 2. Let n(s) = -s**3 + 3*s**2 + s + 3. Let r(k) = -3*h(k) - 2*n(k). Give r(p).
0
Let z(h) = h**3 + 2*h**2 - 2*h - 1. Suppose -2*d - 6 = -0. Calculate z(d).
-4
Let m(n) = -3*n**2 - 3*n + 12. Let j(q) = -q**2 - q + 4. Let y(k) = -11*j(k) + 4*m(k). Let g(z) be the first derivative of y(z). Determine g(-3).
5
Let t(m) = -m**3 + 3. Let w = 10 - 10. What is t(w)?
3
Let l(u) = -3*u + 3. Let z(v) = -10*v + 9. Let n(f) = 7*l(f) - 2*z(f). Let j(r) = 2*r - 2. Let t(i) = 2*j(i) + 3*n(i). Give t(0).
5
Let z(r) = r**3 - 4*r**2 - 5*r - 1. Suppose o - 6*o + 15 = 3*c, -3*c + 15 = -4*o. Determine z(c).
-1
Let m(z) = z + 2. Suppose -h - 2*h = -60. Suppose h = -0*u + 5*u. Determine m(u).
6
Let n = 13 - 7. Let w(o) = 4*o**3 - o**2 + 4*o - 5. Let s(d) = 5*d**3 + 5*d - 5. Let r = 69 + -74. Let x(c) = n*w(c) + r*s(c). Calculate x(-6).
1
Let h(c) be the third derivative of c**7/5040 + c**6/720 + c**5/20 - c**2. Let u(f) be the third derivative of h(f). Calculate u(4).
5
Let a(n) = 4*n - 6. Let q(x) = x. Let b(f) = a(f) - 5*q(f). Let h be (1 + -1)/(3 + -2). Give b(h).
-6
Let p(i) = 1 - 1 + 0 - 2*i. Let g = 0 - 1. Calculate p(g).
2
Let q(w) = w**3 + 6*w**2 - 8*w - 5. Let b be q(-7). Let l(z) = -3*z + 0*z**b - 1 - 4*z**2 + 3*z**2. Calculate l(-2).
1
Let q(i) = -i + 1. Let f(w) = -w + 23. Let s = 9 + 7. Let h be f(s). Calculate q(h).
-6
Let j = -5 + 7. Let n(l) = 1 - j + 0 + l. Calculate n(3).
2
Let r(a) = -5*a**2 - a - 14. Suppose 3*d = -3*v + 21, 1 = d - 2. Let l(b) = -4*b**2 - b - 13. Let h(o) = v*l(o) - 3*r(o). Give h(0).
-10
Let p(w) = w + 8. Let g be p(-5). Let j(y) = g*y**2 - 8*y + 6*y + y**3 - 1 - 2*y. Give j(-4).
-1
Suppose 0 = 4*y - 3*l - 57, -3*y + 4 = 3*l - 23. Let o(v) = -v**3 + 13*v**2 - 13*v + 14. Let w be o(y). Let p(i) = -3*i. Determine p(w).
-6
Let w(s) = s + 1. Let c(p) = p**3 + 5*p**2 + 4. Let r be c(-5). Let l be (-3 - -2) + r + -3. What is w(l)?
1
Let a(n) = 2*n**3 - n. Let l be a(-1). Let j(m) = -2*m**3 - 2*m**2 - 2*m - 1. Determine j(l).
1
Let p(l) be the first derivative of -l**2/2 + 5*l + 15. Give p(3).
2
Let f(k) be the second derivative of k**4/6 + 2*k**3/3 - 4*k**2 + 6*k. Let x(j) = -j**2 - 2*j + 4. Let s(h) = -6*f(h) - 11*x(h). Calculate s(-3).
1
Let z(x) = -x**2 + 2*x + 2. Let w(u) = -2*u**2 - 3*u + 3. Let g be w(1). What is z(g)?
-6
Let d(n) = -4 + 5*n - 3 - 4*n + 0*n. Give d(-9).
-16
Suppose -4 = -n - 13. Let t(v) = v + 2. Give t(n).
-7
Let d(p) be the third derivative of -p**6/120 - p**5/20 + p**4/6 + p**3/2 - 9*p**2. What is d(-2)?
-9
Let x(n) = -2*n**2 + 2*n + 1. Let y(v) = -v**2 + v + 1. Let q(d) = -5*x(d) + 7*y(d). Let p = -1 + -1. Let i be (p/(-4))/((-4)/(-16)). Determine q(i).
8
Let y(p) = 5*p**3 - p**2 - p + 10. Let l = 18 + -13. Let o(n) = -4*n**3 + n - 9. Let t(u) = l*y(u)